{"id":358,"date":"2025-05-23T11:22:05","date_gmt":"2025-05-23T14:22:05","guid":{"rendered":"https:\/\/clinicapopularpoa.com\/?post_type=product&#038;p=358"},"modified":"2025-05-23T11:22:06","modified_gmt":"2025-05-23T14:22:06","slug":"sache-special-dog-ultralife-adultos-racas-pequenas-sabor-carne","status":"publish","type":"product","link":"https:\/\/clinicapopularpoa.com\/?product=sache-special-dog-ultralife-adultos-racas-pequenas-sabor-carne","title":{"rendered":"SACH\u00ca SPECIAL DOG ULTRALIFE ADULTOS RA\u00c7AS PEQUENAS SABOR CARNE"},"content":{"rendered":"<p><img loading=\"lazy\" decoding=\"async\" class=\"alignnone size-medium wp-image-359\" src=\"http:\/\/clinicapopularpoa.com\/wp-content\/uploads\/2025\/05\/sache-special-dog-ultralife-adultos-racas-pequenas-sabor-carne-cdm1t-20250313141703-232x300.png\" alt=\"\" width=\"232\" height=\"300\" srcset=\"https:\/\/clinicapopularpoa.com\/wp-content\/uploads\/2025\/05\/sache-special-dog-ultralife-adultos-racas-pequenas-sabor-carne-cdm1t-20250313141703-232x300.png 232w, https:\/\/clinicapopularpoa.com\/wp-content\/uploads\/2025\/05\/sache-special-dog-ultralife-adultos-racas-pequenas-sabor-carne-cdm1t-20250313141703.png 480w\" sizes=\"auto, (max-width: 232px) 100vw, 232px\" \/>Carne de bovino, cabe\u00e7a de frango, dorso de aves, f\u00edgado de su\u00ednos, rim de su\u00ednos, plasma sangu\u00edneo desidratado de su\u00edno, hemoglobina desidratada de bovino, gelatina, farinha de batata doce, farinha de trigo, amido modificado de milho, dextrose, prote\u00edna isolada de soja, prote\u00edna texturizada de soja, \u00f3leo de aves, biomassa de microalgas desidratada (Schizochytrium sp.), celulose, levedura de cana de a\u00e7\u00facar hidrolisada e desidratada, extrato de Yucca schidigera (0,06%), subproduto da extra\u00e7\u00e3o da L-cistina, cloreto de s\u00f3dio, carbonato de c\u00e1lcio, cloreto de pot\u00e1ssio, \u00e1gua, glicina, cloridrato de L-ciste\u00edna monohidratado, DL-metionina, vitamina D3, vitamina E, vitamina K3, vitamina B1, vitamina B2, vitamina B6, vitamina B12, vitamina C, niacina, cloreto de colina, \u00e1cido pantot\u00eanico, \u00e1cido f\u00f3lico, biotina, iodato de c\u00e1lcio, cobre amino\u00e1cido quelato, ferro amino\u00e1cido quelato, mangan\u00eas amino\u00e1cido quelato, zinco amino\u00e1cido quelato, goma guar, carragena, goma xantana, tripolifosfato de s\u00f3dio, caramelo I.<\/p>\n","protected":false},"excerpt":{"rendered":"<div class=\"text-uppercase mb-4 rounded py-3 px-3 l-geral\">\n<div class=\"d-flex text-center l-box-texto mb-1\">\n<div class=\"font12 mb-0 flex-fill py-1 px-2 mr-1\">ELABORADO POR VETERIN\u00c1RIOS<\/div>\n<div class=\"font12 mb-0 flex-fill py-1 px-2 mr-1\">SEM CORANTES E AROMATIZANTES ARTIFICIAIS<\/div>\n<\/div>\n<div class=\"d-flex text-center l-box-texto mb-1\">\n<div class=\"font12 mb-0 flex-fill py-1 px-2\">DISPON\u00cdVEL EM EMBALAGENS DE:\u00a0100 g<\/div>\n<\/div>\n<div class=\"d-flex text-center l-box-texto\">\n<div class=\"font12 mb-0 d-flex flex-fill py-1 px-3 justify-content-between\">\n<p class=\"mb-0\">\u00damido | Premium Especial<\/p>\n<\/div>\n<\/div>\n<\/div>\n<div class=\"pl-3 d-flex flex-column l-legenda mb-4\">\n<div class=\"d-flex l-items-legenda mb-3\">\n<div><img decoding=\"async\" class=\"img-fluid\" src=\"https:\/\/www.specialdog.com.br\/assets\/uploads\/produtos\/beneficios\/3797e5373839337b9e5a3e29308cff37.svg\" alt=\"\u00d4MEGAS 3, 6 E ZINCO\" width=\"45\" \/>\u00a0<span class=\"fontsite-bold2 d-block\">\u00d4MEGAS 3, 6 E ZINCO<\/span>PELE PROTEGIDA E PELOS MAIS BONITOS<\/div>\n<\/div>\n<div class=\"d-flex l-items-legenda mb-3\">\n<div><img decoding=\"async\" class=\"img-fluid\" src=\"https:\/\/www.specialdog.com.br\/assets\/uploads\/produtos\/beneficios\/cdc83ac584e30107db08941bbac01e9a.svg\" alt=\"EXTRATO DE YUCCA\" width=\"45\" \/>\u00a0<span class=\"fontsite-bold2 d-block\">EXTRATO DE YUCCA<\/span>REDU\u00c7\u00c3O DO ODOR DAS FEZES<\/div>\n<\/div>\n<div class=\"d-flex l-items-legenda mb-3\">\n<div><img decoding=\"async\" class=\"img-fluid\" src=\"https:\/\/www.specialdog.com.br\/assets\/uploads\/produtos\/beneficios\/zero-g0gjf-20250313111628.svg\" alt=\"ZERO\" width=\"45\" \/>\u00a0<span class=\"fontsite-bold2 d-block\">ZERO<\/span>TRANSG\u00caNICOS, CORANTES E AROMATIZANTES ARTIFICIAIS<\/div>\n<\/div>\n<div>\n<div class=\"l-group-btns text-uppercase text-center d-flex align-items-center mb-4\">\n<div id=\"link-enriquecimento\" class=\"rounded-top-10 rounded-top flex-fill mr-1 py-2 lh13 active\"><b>ENRIQUECIMENTO POR kg<\/b><\/div>\n<\/div>\n<div class=\"cinza descricao-boxes mb-4\">\n<div id=\"descricao-enriquecimento\">\n<div class=\"font14 text-justify\">\n<p>Vitamina D3 130 UI, vitamina E 20 UI, vitamina K3 1,8 mg, vitamina B1 12,5 mg, vitamina B2 5 mg, vitamina B6 5 mg, vitamina B12 25 \u00b5g, vitamina C 300 mg, niacina 10 mg, colina 480 mg, \u00e1cido pantot\u00eanico 6,84 mg, \u00e1cido f\u00f3lico 0,5 mg, biotina 0,05 mg, iodo 0,9 mg, ferro 3,17 mg, cobre 0,36 mg, mangan\u00eas 0,79 mg, zinco 4,32 mg.<\/p>\n<div class=\"l-group-btns text-uppercase text-center d-flex align-items-center mb-4\">\n<div id=\"link-garantia\" class=\"rounded-top-10 rounded-top flex-fill py-2 lh13 active\"><b>N\u00cdVEIS DEGARANTIA<\/b><\/div>\n<\/div>\n<div class=\"cinza descricao-boxes mb-4\">\n<div id=\"descricao-garantia\">\n<div class=\"font14 text-justify table-responsive\">\n<p>Umidade (m\u00e1x.) 820 g\/kg (82%), prote\u00edna bruta (m\u00edn.) 90 g\/kg (9%), extrato et\u00e9reo (m\u00edn.) 35 g\/kg (3,5%), mat\u00e9ria mineral (m\u00e1x.) 30 g\/kg (3%), mat\u00e9ria fibrosa (m\u00e1x.) 20 g\/kg (2%), c\u00e1lcio (m\u00e1x.) 4.500 mg\/kg (0,45%), c\u00e1lcio (m\u00edn.) 1.500 mg\/kg (0,15%), f\u00f3sforo (m\u00edn.) 1.000 mg\/kg (0,1%), s\u00f3dio (m\u00edn.) 250 mg\/kg (0,025%), pot\u00e1ssio (m\u00edn.) 1.200 mg\/kg (0,12%), DL-metionina (m\u00edn.) 1.000 mg\/kg (0,1%), \u00f4mega 6 (m\u00edn.) 2.000 mg\/kg (0,2%), \u00f4mega 3 (m\u00edn.) 150 mg\/kg (0,015%), energia metaboliz\u00e1vel 758 kcal\/kg.<\/p>\n<\/div>\n<\/div>\n<\/div>\n<\/div>\n<\/div>\n<\/div>\n<\/div>\n<div><\/div>\n<div><\/div>\n<\/div>\n","protected":false},"featured_media":359,"comment_status":"open","ping_status":"closed","template":"","meta":[],"product_brand":[],"product_cat":[45],"product_tag":[],"class_list":{"0":"post-358","1":"product","2":"type-product","3":"status-publish","4":"has-post-thumbnail","6":"product_cat-sache-para-caes","8":"first","9":"instock","10":"taxable","11":"shipping-taxable","12":"purchasable","13":"product-type-simple"},"_links":{"self":[{"href":"https:\/\/clinicapopularpoa.com\/index.php?rest_route=\/wp\/v2\/product\/358","targetHints":{"allow":["GET"]}}],"collection":[{"href":"https:\/\/clinicapopularpoa.com\/index.php?rest_route=\/wp\/v2\/product"}],"about":[{"href":"https:\/\/clinicapopularpoa.com\/index.php?rest_route=\/wp\/v2\/types\/product"}],"replies":[{"embeddable":true,"href":"https:\/\/clinicapopularpoa.com\/index.php?rest_route=%2Fwp%2Fv2%2Fcomments&post=358"}],"wp:featuredmedia":[{"embeddable":true,"href":"https:\/\/clinicapopularpoa.com\/index.php?rest_route=\/wp\/v2\/media\/359"}],"wp:attachment":[{"href":"https:\/\/clinicapopularpoa.com\/index.php?rest_route=%2Fwp%2Fv2%2Fmedia&parent=358"}],"wp:term":[{"taxonomy":"product_brand","embeddable":true,"href":"https:\/\/clinicapopularpoa.com\/index.php?rest_route=%2Fwp%2Fv2%2Fproduct_brand&post=358"},{"taxonomy":"product_cat","embeddable":true,"href":"https:\/\/clinicapopularpoa.com\/index.php?rest_route=%2Fwp%2Fv2%2Fproduct_cat&post=358"},{"taxonomy":"product_tag","embeddable":true,"href":"https:\/\/clinicapopularpoa.com\/index.php?rest_route=%2Fwp%2Fv2%2Fproduct_tag&post=358"}],"curies":[{"name":"wp","href":"https:\/\/api.w.org\/{rel}","templated":true}]}}